 + 5*s**3 + s**3 - 1. Let a = 0 + 1. Calculate j(a).
5
Let u = -11 - -17. Let f(n) = n**2 - 4*n + 1. What is f(u)?
13
Let r = -33 + 37. Let k(v) = -v**2 + 5 + v**3 - 6*v - 2*v**2 - 1. Determine k(r).
-4
Let m(g) = g**2 - 8*g + 9. Let f be m(6). Let a(c) be the third derivative of -c**5/60 - c**4/12 - c**3/2 + 50*c**2. Determine a(f).
-6
Let v = -503/3 - -169. Let f(g) be the first derivative of 1/4*g**4 - 6*g - 1 - v*g**3 - 3/2*g**2. Determine f(5).
4
Let q(u) = -20*u - 3. Let s(t) = 7*t + 1. Let p(h) = -4*q(h) - 11*s(h). Let k = 20 - 18. Calculate p(k).
7
Let o(b) = -2 + 1 - b**3 + 4 + 3*b + b**2. Let f = 6 + -3. Calculate o(f).
-6
Let i be ((-46)/(-14) - 3)/(4/28). Let t(v) be the second derivative of 2*v + 0 + 2/3*v**3 - 3/2*v**i. What is t(2)?
5
Let s(v) be the first derivative of v**6/360 - v**5/40 - v**4/24 + 10*v**3/3 + 1. Let t(m) be the third derivative of s(m). What is t(5)?
9
Let u(j) = -1 + j - j**3 - 2 + 0*j**3 + 4 + j**2. Let i = 1 - 1. Calculate u(i).
1
Suppose -5*s = -s - 12. Let w(z) = s - 5 + 4 + 3*z - z**2. Give w(4).
-2
Let m(p) be the third derivative of -1/6*p**3 + 0 + 0*p + 1/20*p**5 + 0*p**4 + 1/120*p**6 + 3*p**2. Give m(-2).
3
Let c(k) = 3*k + 1. Suppose l = 2*l. Suppose l = 3*j + 22 + 41. Let n be 48/j + 6/21. Give c(n).
-5
Let b(k) = 4*k**3 + k**2. Let t be b(1). Let y(i) = -t*i - 5 + 6*i + 0*i + 0. Suppose 2*w - w = 3*j - 10, 0 = -2*w + 3*j - 5. Determine y(w).
0
Let l(c) be the third derivative of -c**5/60 + c**4/12 - c**3/6 - c**2. What is l(3)?
-4
Let t(i) = 3*i**3 - 11*i**2 - 7*i - 11. Let u(a) = a**3 - 5*a**2 - 3*a - 5. Let h(k) = -4*t(k) + 9*u(k). Calculate h(1).
-4
Suppose 0*r = -2*r. Let q(w) = r + w**2 + 5*w - 2*w**2 + 0. Give q(6).
-6
Let o(r) = -5*r**2 - 3*r - 2. Let n = 9 + -3. Let u(k) = -6*k**2 - 4*k - 2. Let y(d) = n*u(d) - 7*o(d). Determine y(2).
-8
Let c(u) be the first derivative of -4 + 6*u - 1/4*u**4 - 1/3*u**3 + 0*u**2. What is c(0)?
6
Let x(d) = 3*d - 4. Let f be x(4). Let v(s) = -2 - 9*s + 8 + 8*s. Let u be v(f). Let i(b) = b**2 - 2. Calculate i(u).
2
Let c = 19 + -21. Let z(q) = -3*q**2 - 2*q + 1. Give z(c).
-7
Let n(y) = -y**3 - y - 2. Let h(w) be the third derivative of -w**5/30 - w**4/12 + w**3/3 + w**2. Suppose 5 + 1 = -3*b. Let u be h(b). Give n(u).
8
Let n(m) = -m**3 + 2*m. Let g(o) = -3*o + 2*o - o - 3. Let d be g(-3). Let z be d*(16/6 + -2). Calculate n(z).
-4
Suppose 0*a + 4 = -2*a. Let z = -2 - a. Let t(i) = -i. Let f(k) = -5*k. Let p(n) = -f(n) + 4*t(n). Calculate p(z).
0
Let f(u) = u**2 + 2. Let d = 0 + 5. Let n(t) = 2*t - 4*t + 4 + d. Let y be n(6). Give f(y).
11
Let y(u) = -5*u + 11. Let h(m) = m - 1. Let x(t) = 4*h(t) + y(t). Give x(6).
1
Let h(u) = u - 5. Let b be h(1). Let c(j) = -j**2 - 4*j. Determine c(b).
0
Let l(i) be the first derivative of -i**4/24 + i**3 + 3*i**2/2 + 4. Let p(y) be the second derivative of l(y). Let z be (-15)/(-2)*(-8)/(-12). What is p(z)?
1
Let u(m) = m + 1. Let h(t) = -6*t. Let d(a) = h(a) + 5*u(a). Let i(g) = -g**2 - 10*g + 13. Let j be i(-11). Let l = -6 + j. Calculate d(l).
9
Suppose 0 = 4*f + 3*o - 8*o - 6, 4*f = -5*o - 14. Let b(q) = -3*q. What is b(f)?
3
Let i(r) = -7 - 11*r + 8*r + 2*r. What is i(-3)?
-4
Let w(u) be the third derivative of -u**5/60 + u**4/6 + 5*u**3/6 - 20*u**2. Determine w(6).
-7
Let p = -12 + 16. Let g(n) = 3*n - 4. Determine g(p).
8
Suppose 0 = 3*z + 5*l + 12, -l - 3 = -0. Let v(y) be the first derivative of 1/2*y**2 - 2 + y. Give v(z).
2
Suppose p + 3*p = 12. Let b be ((-20)/6)/((-2)/p). Let v(n) be the second derivative of -n**4/12 + n**3 - n**2/2 - n. Calculate v(b).
4
Let q(x) = -5*x**3 + 8*x**2 + 4*x + 11. Let v(w) = -14*w**3 + 23*w**2 + 12*w + 32. Let c(l) = -11*q(l) + 4*v(l). Let g be 7 + -3*4/6. Give c(g).
2
Let h = -15 + 12. Let a = 3 + h. Let i(f) = -f**2 - f - 9. What is i(a)?
-9
Let f(t) be the third derivative of -t**5/60 + t**4/3 + t**3/3 - 8*t**2. Calculate f(6).
14
Let h(m) = 13*m**2 - 12*m**2 + 0 - 8. Let b = 3 + -2. Let w(v) = -v**2 + 1. Let t be w(b). What is h(t)?
-8
Suppose 2*r + 5*c + 31 = 5*r, 2*c = -r - 8. Suppose 0*n + 5*d = -r*n - 7, -3*n = -3*d - 21. Let p(f) = f**3 - 4*f**2 - 9*f + 4 + 7*f + 0. Give p(n).
-4
Let l be (-63)/(-12) + (-2)/8. Suppose -2*o - l = -o. Let r(u) be the second derivative of u**4/12 + 5*u**3/6 + 3*u**2/2 - 3*u. What is r(o)?
3
Let t(s) = 1. Let a(j) = -j**3 + j**2 - 2*j + 4. Let c(b) = a(b) - 3*t(b). Determine c(2).
-7
Suppose -v + 2*v = 0. Let b(w) = w - 3. What is b(v)?
-3
Let k = 3 - 4. Let n(o) be the first derivative of -o**4/4 + o**3/3 + o**2 + o + 1. Give n(k).
1
Suppose -24 = -2*l - 4*q, -2*l = 5*q - 32 + 3. Let a be (1 - l - -1) + 2. Let k(r) = 2 + a - 3 + 2*r - r**2 - r. Give k(0).
1
Let z(u) = -3 + 3 + 4 - u. Calculate z(0).
4
Suppose -5*w - 3*q + 34 = -0*q, w + 5*q = 20. Let f(o) = 4 - 5 + w + o**2 - 4*o + 0*o. Calculate f(4).
4
Let t(v) be the first derivative of -v**7/840 + 7*v**6/360 - v**4/4 - 2*v**3 + 4. Let p(r) be the third derivative of t(r). Calculate p(7).
-6
Let b(w) = w**3 - 2*w**2 - 4*w - 4. Let o(z) = z. Let d(n) = -b(n) - 4*o(n). Give d(3).
-5
Let r(g) = -1. Let k(x) = -x + 1. Let b(y) = -2*k(y) - 3*r(y). What is b(5)?
11
Let s(b) = -b**3 + 7*b**2 - 5*b + 1. Suppose -40*k = -42*k + 12. Give s(k).
7
Let x(f) = -7*f - 5*f + 13*f + 1 - 8*f**2. Let r(c) = -2*c**2 - c. Let j be 1*((2 - 1) + -2). Let a be r(j). Calculate x(a).
-8
Let y = -25 - -25. Suppose l + 4*v = -0*l - 5, -2*v - 1 = -l. Let g = l + y. Let f(i) = -9*i**2 - 1. What is f(g)?
-10
Let a be -13 - -13 - -12*1/(-1). Let j(b) = -b - 10. What is j(a)?
2
Let u(b) = -1 - 4*b + 2*b + 0*b. Let c = 7 + 1. Suppose -3*i = 2 + 1, -2*i - c = 2*s. Determine u(s).
5
Suppose -3*n = 2*n. Suppose -3*r + 9 = -n*r. Let f(u) = 5*u**2 + 2 - 6 + 2 + u**r. Give f(-5).
-2
Let s(w) = w**3 + 10*w**2 - 12*w - 8. Suppose -q + 3*q = -5*a + 3, 3*a + 18 = -3*q. Give s(q).
3
Let o(k) = k**3 - 6*k**2 + 5*k. Let s be 145/30 + 3/18. Calculate o(s).
0
Let c(p) = p**2 + 3*p + 2. Let o be 1 - (2 + (0 - 3)). Let x be o/(-4) + (-11)/(-2). Let s be ((-3)/(-4))/(x/(-20)). Determine c(s).
2
Let g be -2*((-4)/(-2))/4. Let o be 2*(g + (1 - 2)). Let d(q) = -5*q + 1 - 5 + 2*q. What is d(o)?
8
Let z be 1 + 1 - (3 - 3). Let w(q) = -q**2 - z*q**2 + q + 0*q**2 + 4*q**2 + 1. What is w(0)?
1
Let v(j) be the first derivative of j**4/4 - 2*j**3/3 - 3*j**2/2 + j + 5. Give v(2).
-5
Let f be (-14)/8*-2*2. Let n(w) = -6*w**2 + 0 + w**3 - 4 + 0 - f*w. Calculate n(7).
-4
Let u(j) = -j**3 + j**2 + 5*j - 4. Let s(b) = b**2 + 33*b + 35. Let o be s(-32). Give u(o).
-7
Suppose -9*z + 5*z = -8. Let o(m) = m**3 - 2*m**2 + 2*m - 2. Give o(z).
2
Let r(d) = -2*d - 3. Let c be (-12)/(-6 + 3) - 4. Suppose 4*b + b + 30 = c. Give r(b).
9
Let s(r) = -4 - 4*r + 7*r + 6. Suppose -x + 3 - 6 = 0. What is s(x)?
-7
Let x be -1*(2 - (2 + -1)). Let c(g) = -3*g**2 - 2*g - 3. Let r be 6/27 - 60/27. Let d(m) = m**2 + m + 1. Let a(f) = r*d(f) + x*c(f). What is a(-2)?
5
Let d = 96 - 94. Let m(s) = -2*s + 2. Give m(d).
-2
Let j(t) = -t - 5. Let r = -13 - -13. Calculate j(r).
-5
Let l(d) = d**3 + 2*d**2 + 4*d - 4. Let t(u) = u**3 + 3*u**2 + 5*u - 4. Let z(k) = -6*l(k) + 5*t(k). What is z(3)?
7
Let h(r) = r**2 - 6*r + 6. Let o = 12 + -10. Let s be (27/3)/3 + o. Determine h(s).
1
Let t be 2/(8/5 - 2). Let j(w) = -w - 8. Let s be j(-9). Let v(a) = -a - 5*a - s + 8 + 5*a. Determine v(t).
12
Let o(w) = w - 1. Let c = 77 - 81. What is o(c)?
-5
Let l(k) = -5 - 33*k**3 + 34*k**3 + 3 - k + 4*k**2. Give l(-2).
8
Let q(r) = r**3 - 5*r**2 - 6*r + 4. Let i = 36 + -30. Give q(i).
4
Let o(d) = -d**3 + 7*d**2 - 2*d - 5. Let k(g) = 4*g**3 - 29*g**2 + 9*g + 20. Let f(w) = -2*k(w) - 9*o(w). What is f(5)?
5
Suppose 2*b + 25 = -5*y, b + 2*y - y = -5. Let f = 5 - -1. Let a(u) = 7*u - 6*u + 1 + f. Determine a(b).
7
Let h(p) be the first derivative of p**4/4 - p**3/3 - 3*p**2/2 + 3*p + 1. Suppose 3 = 4*d - 2*s - 1, -d + 10 = 4*s. Determine h(d).
1
Let j(m) = 2*m**2. Suppose 6*k - 20 = 3*k + t, -4*k + 5*t = -23. Suppose -3 - 5 = -4*q. Suppose -k = -q*r - 3*y, -3*y + 6*y = -r + 5. Determine j(r).
8
Let q be (-9)/(-4) - (-1)/(-4). Let f(m) = -4 - 3 + 4*m - m**3 + 2*m**2 - 6*m**q - m. Give f(-5).
3
Let s(k) be the third derivative of -1/2*k**3 - 4*k**2 + 0*k - 1/24*k**4 + 0. Determine s(3).
-6
Let i(